6. List the prime factors of s(r).
2, 7
What are the prime factors of (-2)/21 + 28965290/4746?
17, 359
Suppose -2*u - 6 = 0, -c + 6*c - 4731 = 2*u. Suppose 0 = 28*q - 31*q + c. List the prime factors of q.
3, 5, 7
Let y(f) = 77*f**3 + 2*f**2 + f - 1. Let g be y(2). Let o = -570 - -730. Suppose -g = -5*z - o. List the prime factors of z.
3, 31
What are the prime factors of (-35)/245 + (-354913)/(-91)?
2, 3, 5, 13
Suppose 0 = 3*d - 5*a + 260, 2*d - 44 + 209 = -5*a. Let n = 136 + d. What are the prime factors of n?
3, 17
Let m = 276 + -133. Let t = -62 - m. Let j = t - -460. What are the prime factors of j?
3, 5, 17
Suppose -10*c = -4*i - 12*c + 20, -4*i = -2*c - 12. Suppose -i*m + 4*u + 1084 = 0, 5*m - 1337 = u - 2*u. What are the prime factors of m?
2, 67
Let y = 76 + -72. Suppose o + y*o = -470. Let b = 151 + o. List the prime factors of b.
3, 19
Let k be (-8)/(-20) + (-6)/(-10). Let n be k/(-6) + (-39)/(-18). Suppose a = -n*z - 3*z + 7, 2*z = 3*a - 106. List the prime factors of a.
2
Suppose 4*r + 5*y - 85829 + 15772 = 0, -3*y = -15. What are the prime factors of r?
2, 3, 1459
Let w(z) = 68*z + 61*z - 38*z + 21. What are the prime factors of w(2)?
7, 29
List the prime factors of (38/4)/(2321/(-774) - (4 + -7)).
3, 19, 43
Suppose 81 = 5*d + 5*k + 16, -2*d + 2*k + 22 = 0. What are the prime factors of 840 - d/(54/9)?
2, 419
Let o = 161 + -138. Let b(x) = x**2 - 3*x + 49. List the prime factors of b(o).
509
Suppose -3*z - 1 - 11 = 0, -3*z + 753 = -3*q. Let i = q + 850. Suppose -2*s + 5*b + 469 = 0, 618 + i = 5*s + b. List the prime factors of s.
2, 11
Let m(r) = 9*r - 19. Let k be m(9). Let c = 12 - k. Let g = 103 + c. What are the prime factors of g?
53
Let p be (-1 - 243/(-12))/(14/392). Let v = -153 + p. List the prime factors of v.
2, 193
Let c(k) = -6*k - 6. Let q be c(-4). Let n = -69 - -87. List the prime factors of ((-13360)/n)/(-8) - (-4)/q.
3, 31
Let u be ((-489)/(-2))/((36/32)/3). Suppose -6416 = -u*z + 648*z. What are the prime factors of z?
2, 401
Suppose 3*h = -5*u + 6, -5*h + 5*u + 6 = 36. Let l be 88/(-5)*(-15)/h. What are the prime factors of 1263/11 - 16/l?
5, 23
What are the prime factors of ((-1064)/(-57))/(-5 - (-4593)/918)?
2, 3, 7, 17
Suppose 80 - 3 = 11*i. Let w(f) = 31*f + 50. List the prime factors of w(i).
3, 89
Let d(s) = 10*s**2 + 4*s - 2. Let z be ((1 - -1) + 2)/(4 + -5). Let i(l) = 10*l**2 + 4*l - 3. Let a(o) = z*d(o) + 5*i(o). List the prime factors of a(3).
5, 19
Suppose -3*s = -5*s - 50. What are the prime factors of (870/s)/(3/(-15))?
2, 3, 29
Suppose 715*m - 701*m = 341264. What are the prime factors of m?
2, 11, 277
Let k(h) = 16*h + 7 - 23 - 33. Let q be k(6). Let f = 91 - q. What are the prime factors of f?
2, 11
Let w be 4/5*(-380)/(-8). Let s = 51 + -34. Suppose -s*u + 15*u = -w. List the prime factors of u.
19
Let c(b) = 2*b + 77. Let t be c(-14). Suppose -46*q - 3*r - 5070 = -t*q, q - 1682 = -3*r. List the prime factors of q.
2, 211
Suppose 0 = 79*m - 75*m - 27972. Suppose -m = f - 22*f. What are the prime factors of f?
3, 37
Suppose 3*r + 10 = 2*b, 0 = -0*b - 3*b - 3*r. Suppose 0 = j - i - 12, b = 2*i - 0*i. Suppose -4*s = -j*s + 1548. List the prime factors of s.
2, 43
Suppose -2*d - t + 2865 = 0, 8*d + 5*t = 3*d + 7165. What are the prime factors of d?
2, 179
Suppose -15*j - 20*j + 7*j + 1838480 = 0. What are the prime factors of j?
2, 5, 7, 67
Suppose -16*y - 72 = -14*y. Let w be (-8)/10 + y/(-45). Suppose 2*b + w*b - 434 = -2*k, -631 = -3*k + b. What are the prime factors of k?
2, 53
Let d = 143 + -140. Suppose 4*w + d*g - 643 = 521, 0 = 2*g. What are the prime factors of w?
3, 97
Let c = 9126 - 7570. What are the prime factors of c?
2, 389
Let h(l) = -l**2 - 29*l - 49. Let z be h(-27). Suppose 0 = 6*c - c - 4*y - 2815, z*c = -2*y + 2785. List the prime factors of c.
13, 43
Let i be 10/(-8) + 5/(40/(-958)). Suppose -276 = 4*o - 5*u + 889, -5*o - 3*u - 1410 = 0. Let m = i - o. List the prime factors of m.
2, 41
Suppose -14*z + 18*z = -4*d + 3668, 3*z - 6 = 0. Suppose 4*q = d + 1857. What are the prime factors of q?
3, 7, 11
Let v = 15064 - 10463. List the prime factors of v.
43, 107
Suppose 4*h = 3*q + 29, 2*h + 3*q - 4 = q. Suppose -2*a - p = -19, -3*a + h*p = 2*p - 24. Suppose 31 = a*s - 923. List the prime factors of s.
2, 53
Let s be (1 + (-2)/(-4))*(8 + -14). Let r(n) = -29*n + 18. List the prime factors of r(s).
3, 31
Suppose 19*u - 3370 = 6111. List the prime factors of (-1 - -2) + u + 26.
2, 263
Let c be (5 - 14 - -4) + 69. What are the prime factors of c/(-1)*(-4 + 2)?
2
Let q = 1185 - 389. What are the prime factors of (-5 + q/(-28))*-7?
2, 3, 13
Let w(l) = l**3 - 5*l**2 + 8*l - 17. Let x be w(4). List the prime factors of (x/(-4)*-2)/((-14)/504).
2, 3
Let u = -3930 + 6382. Suppose 29*n - u = 25*n. What are the prime factors of n?
613
Let c = -29 - -45. Let m(n) = -2*n - 2*n - n - 4*n - c. List the prime factors of m(-18).
2, 73
Let b = 8077 + -6516. List the prime factors of b.
7, 223
Let b be 1/4 - (-174280)/(-160). Let n = 1629 + b. What are the prime factors of n?
2, 3, 5
Let h(x) = 4*x + 11. Let k be h(-9). Let g = 13 + k. List the prime factors of (-1 + 9)*1*(-261)/g.
2, 3, 29
Let x be (2 - 0)/(3*(-8)/(-336)). Let q(k) = -k**2 + 27*k + 83. What are the prime factors of q(x)?
5, 11
Let f be (15/45)/((-1)/(-6)). Let x(w) = 0*w - 5*w**2 - 10*w - 4*w**f + 13 + w**3. List the prime factors of x(11).
5, 29
Let q be (-8)/(-3)*(-69)/23 + 452. Let h = -14 + 20. List the prime factors of h/9*q/8.
37
Let s = -373 - -1742. What are the prime factors of s?
37
Let z be -1 + 0 + -2 + 1687/7. Suppose -n + h + 306 = -z, -1081 = -2*n - 5*h. What are the prime factors of n?
3, 181
Let x = -88 - 79. Let c = x - -905. What are the prime factors of c?
2, 3, 41
List the prime factors of 18759 + 47 + (-64)/4.
2, 5, 1879
Suppose 4 = -17*t + 15*t. Let j be t/4*-19*(-30)/(-5). Suppose s + j = 134. List the prime factors of s.
7, 11
Suppose -2*a = 5*n - 13471, -2*n - 54*a + 5389 = -53*a. What are the prime factors of n?
2693
Let q(p) = -10*p**3 - 38*p**2 + 22*p - 60. List the prime factors of q(-16).
2, 5, 23, 67
Suppose -220*l - 327212 + 1591449 + 3166563 = 0. What are the prime factors of l?
2, 5, 19, 53
Suppose 9*m - 14*m - 5 = 0. Let s be (20/15 - 2)*24/m. Let u(o) = -2*o + 37. List the prime factors of u(s).
5
Let t(w) = 432*w - 14. Let u(m) = 431*m - 12. Let b(c) = 3*t(c) - 2*u(c). List the prime factors of b(1).
2, 13
Suppose 696*x = 697*x + 8, -2*x = -2*v + 121022. List the prime factors of v.
17, 3559
Suppose 0 = -5*n + 5 + 15. Suppose 11*m - 682 = -15*m - 5*m. Suppose -m = -n*c + 4*w + 26, 2*c - 3*w - 19 = 0. What are the prime factors of c?
17
Let m(a) be the second derivative of 0 + 1/12*a**4 + 18*a - 4/3*a**3 + 7/2*a**2. What are the prime factors of m(17)?
2, 5
Let s(m) = -20*m - 13. Let o be s(-6). Suppose o + 43 = -6*f. Let g = 89 + f. List the prime factors of g.
2
Suppose -4*m = 20, -4*c - 10*m = -6*m - 21972. List the prime factors of c.
2, 2749
Let v(c) = 2*c**3 - 4 - 26*c - 15 - c**3 + c**3 - c**3 - 8*c**2. List the prime factors of v(14).
13, 61
Suppose -2*t + 6919 = 15*t. Let x = 53 + t. What are the prime factors of x?
2, 5, 23
Let h = 42 + -48. Let x be (-3)/h*-6 - -179. Suppose 0 = z + f - 176, 3*f + x = z + f. List the prime factors of z.
2, 11
Let m = 4410 - -5792. What are the prime factors of m?
2, 5101
Suppose b - 53313 = 3*t, 4*b - 4*t = 253204 - 39928. What are the prime factors of b?
2, 3, 8887
Let q(s) = -s**3 + 23*s**2 + 13*s - 27. Let n(f) = f + 1. Let l(p) = -2*n(p) + q(p). Let z be l(23). Let a = 322 - z. List the prime factors of a.
2, 7
Let p = -1675 - -1761. List the prime factors of p.
2, 43
Let l(g) = 523*g - 353. What are the prime factors of l(17)?
2, 3, 1423
Let v(d) = 181*d + 196. Let y be v(9). Let m = y + -985. What are the prime factors of m?
2, 3, 5, 7
Suppose 4*n + a - 36 = 0, -n - 4*a + 40 = 16. Suppose -4*v = -n*v. Suppose v = -2*l - 3*h + 226, l + 6*h = 2*h + 118. What are the prime factors of l?
2, 5, 11
Let q = -103 + 105. Suppose 5*i = 4*w + 49, q*i - 4*i - w + 30 = 0. Suppose 0 = -14*b + i*b + 213. What are the prime factors of b?
3, 71
Suppose c = b + 3690, 143*c - 144*c + 4*b = -3678. What are the prime factors of c?
2, 1847
Suppose 16 = 3*l - l